{"id":5,"date":"2012-03-01T23:04:01","date_gmt":"2012-03-01T22:04:01","guid":{"rendered":"http:\/\/przedszkole-rodzinne.pl\/?page_id=5"},"modified":"2024-12-29T22:01:23","modified_gmt":"2024-12-29T21:01:23","slug":"podstrona","status":"publish","type":"page","link":"https:\/\/przedszkolerodzinne.pl\/","title":{"rendered":""},"content":{"rendered":"<p style=\"text-align: center;\"><strong><span style=\"font-family: Comic Sans MS;\">Witamy serdecznie<\/span><\/strong><br \/>\n<strong><span style=\"font-family: Comic Sans MS;\"> na stronie Przedszkola Rodzinnego w Bia\u0142ymstoku<br \/>\n<span style=\"text-decoration: underline;\">(od 2017 r. jeste\u015bmy plac\u00f3wk\u0105 dwuj\u0119zyczn\u0105)<\/span><\/span><\/strong><\/p>\n<p><img loading=\"lazy\" decoding=\"async\" class=\"wp-image-288 alignleft\" title=\"czerwony\" src=\"http:\/\/przedszkolerodzinne.pl\/wp-content\/uploads\/2012\/03\/1194986558459844482flower_02.svg_.med_-150x150.png\" alt=\"\" width=\"24\" height=\"24\" srcset=\"https:\/\/przedszkolerodzinne.pl\/wp-content\/uploads\/2012\/03\/1194986558459844482flower_02.svg_.med_-150x150.png 150w, https:\/\/przedszkolerodzinne.pl\/wp-content\/uploads\/2012\/03\/1194986558459844482flower_02.svg_.med_.png 300w\" sizes=\"auto, (max-width: 24px) 100vw, 24px\" \/><\/p>\n<p style=\"text-align: justify;\"><span style=\"font-family: Comic Sans MS;\">Ka\u017cde dziecko jest wyj\u0105tkowe. Ma prawo rozwija\u0107 swoje umiej\u0119tno\u015bci, zdolno\u015bci i<span style=\"color: #ffffff;\">..<\/span>zainteresowania w sprzyjaj\u0105cym r\u00f3\u017cnym formom aktywno\u015bci \u015brodowisku. Dlatego te\u017c postanowili\u015bmy stworzy\u0107 przedszkole, w kt\u00f3rym dziecko traktowane jest z nale\u017cnym mu szacunkiem. Pragniemy zapewni\u0107 Pa\u0144stwa pociechom szcz\u0119\u015bliwe dzieci\u0144stwo z ich wszechstronnym rozwojem.\u00a0<\/span><\/p>\n<p style=\"text-align: center;\">\u00a0<span style=\"font-family: Comic Sans MS;\">Zapraszamy dzieci w wieku od 2,5 do 6 lat.<\/span><\/p>\n<p style=\"text-align: center;\"><span style=\"font-family: Comic Sans MS;\">Przyjmujemy dzieci z orzeczeniem o potrzebie kszta\u0142cenia specjalnego.<\/span><\/p>\n<p style=\"text-align: center;\"><strong><a href=\"http:\/\/przedszkolerodzinne.pl\/wp-content\/uploads\/2022\/02\/NPR-Karta-Zapisu-Dziecka-30.doc\">NPR-Karta-Zapisu-Dziecka 3,0 (pobierz tutaj) wersja .doc<\/a><\/strong><\/p>\n<p><span style=\"font-family: Comic Sans MS;\"><span style=\"color: #ffffff;\">\u00a0 \u00a0 \u00a0 \u00a0 \u00a0 \u00a0 \u00a0 \u00a0 \u00a0 \u00a0 \u00a0 \u00a0 \u00a0 \u00a0 \u00a0 \u00a0 \u00a0 \u00a0 \u00a0 \u00a0 \u00a0 \u00a0 \u00a0 \u00a0 \u00a0 \u00a0 \u00a0<\/span><\/span><a href=\"http:\/\/dwujezycznedzieci.pl\/\"><img loading=\"lazy\" decoding=\"async\" class=\"wp-image-7822 aligncenter\" src=\"http:\/\/przedszkolerodzinne.pl\/wp-content\/uploads\/2012\/03\/DD_Partner_Programu.png\" alt=\"DD_Partner_Programu\" width=\"250\" height=\"251\" srcset=\"https:\/\/przedszkolerodzinne.pl\/wp-content\/uploads\/2012\/03\/DD_Partner_Programu.png 1059w, https:\/\/przedszkolerodzinne.pl\/wp-content\/uploads\/2012\/03\/DD_Partner_Programu-150x150.png 150w, https:\/\/przedszkolerodzinne.pl\/wp-content\/uploads\/2012\/03\/DD_Partner_Programu-300x300.png 300w, https:\/\/przedszkolerodzinne.pl\/wp-content\/uploads\/2012\/03\/DD_Partner_Programu-1020x1024.png 1020w, https:\/\/przedszkolerodzinne.pl\/wp-content\/uploads\/2012\/03\/DD_Partner_Programu-299x300.png 299w\" sizes=\"auto, (max-width: 250px) 100vw, 250px\" \/><\/a><\/p>\n","protected":false},"excerpt":{"rendered":"<p>Witamy serdecznie na stronie Przedszkola Rodzinnego w Bia\u0142ymstoku (od 2017 r. jeste\u015bmy plac\u00f3wk\u0105 dwuj\u0119zyczn\u0105) Ka\u017cde dziecko jest wyj\u0105tkowe. Ma prawo rozwija\u0107 swoje umiej\u0119tno\u015bci, zdolno\u015bci i..zainteresowania w sprzyjaj\u0105cym r\u00f3\u017cnym formom aktywno\u015bci \u015brodowisku. Dlatego te\u017c postanowili\u015bmy stworzy\u0107 przedszkole, w kt\u00f3rym dziecko traktowane &hellip; <a href=\"https:\/\/przedszkolerodzinne.pl\/\">Czytaj dalej <span class=\"meta-nav\">&rarr;<\/span><\/a><\/p>\n","protected":false},"author":1,"featured_media":0,"parent":0,"menu_order":0,"comment_status":"closed","ping_status":"closed","template":"","meta":{"footnotes":""},"class_list":["post-5","page","type-page","status-publish","hentry"],"_links":{"self":[{"href":"https:\/\/przedszkolerodzinne.pl\/index.php?rest_route=\/wp\/v2\/pages\/5","targetHints":{"allow":["GET"]}}],"collection":[{"href":"https:\/\/przedszkolerodzinne.pl\/index.php?rest_route=\/wp\/v2\/pages"}],"about":[{"href":"https:\/\/przedszkolerodzinne.pl\/index.php?rest_route=\/wp\/v2\/types\/page"}],"author":[{"embeddable":true,"href":"https:\/\/przedszkolerodzinne.pl\/index.php?rest_route=\/wp\/v2\/users\/1"}],"replies":[{"embeddable":true,"href":"https:\/\/przedszkolerodzinne.pl\/index.php?rest_route=%2Fwp%2Fv2%2Fcomments&post=5"}],"version-history":[{"count":350,"href":"https:\/\/przedszkolerodzinne.pl\/index.php?rest_route=\/wp\/v2\/pages\/5\/revisions"}],"predecessor-version":[{"id":41584,"href":"https:\/\/przedszkolerodzinne.pl\/index.php?rest_route=\/wp\/v2\/pages\/5\/revisions\/41584"}],"wp:attachment":[{"href":"https:\/\/przedszkolerodzinne.pl\/index.php?rest_route=%2Fwp%2Fv2%2Fmedia&parent=5"}],"curies":[{"name":"wp","href":"https:\/\/api.w.org\/{rel}","templated":true}]}}

<p style="text-align: center;"><strong><span style="font-family: Comic Sans MS;">Witamy serdecznie</span></strong><br />
<strong><span style="font-family: Comic Sans MS;"> na stronie Przedszkola Rodzinnego w Białymstoku<br />
<span style="text-decoration: underline;">(od 2017 r. jesteśmy placówką dwujęzyczną)</span></span></strong></p>
<p><img loading="lazy" decoding="async" class="wp-image-288 alignleft" title="czerwony" src="http://przedszkolerodzinne.pl/wp-content/uploads/2012/03/1194986558459844482flower_02.svg_.med_-150x150.png" alt="" width="24" height="24" srcset="https://przedszkolerodzinne.pl/wp-content/uploads/2012/03/1194986558459844482flower_02.svg_.med_-150x150.png 150w, https://przedszkolerodzinne.pl/wp-content/uploads/2012/03/1194986558459844482flower_02.svg_.med_.png 300w" sizes="auto, (max-width: 24px) 100vw, 24px" /></p>
<p style="text-align: justify;"><span style="font-family: Comic Sans MS;">Każde dziecko jest wyjątkowe. Ma prawo rozwijać swoje umiejętności, zdolności i<span style="color: #ffffff;">..</span>zainteresowania w sprzyjającym różnym formom aktywności środowisku. Dlatego też postanowiliśmy stworzyć przedszkole, w którym dziecko traktowane jest z należnym mu szacunkiem. Pragniemy zapewnić Państwa pociechom szczęśliwe dzieciństwo z ich wszechstronnym rozwojem. </span></p>
<p style="text-align: center;"> <span style="font-family: Comic Sans MS;">Zapraszamy dzieci w wieku od 2,5 do 6 lat.</span></p>
<p style="text-align: center;"><span style="font-family: Comic Sans MS;">Przyjmujemy dzieci z orzeczeniem o potrzebie kształcenia specjalnego.</span></p>
<p style="text-align: center;"><strong><a href="http://przedszkolerodzinne.pl/wp-content/uploads/2022/02/NPR-Karta-Zapisu-Dziecka-30.doc">NPR-Karta-Zapisu-Dziecka 3,0 (pobierz tutaj) wersja .doc</a></strong></p>
<p><span style="font-family: Comic Sans MS;"><span style="color: #ffffff;">                                                     </span></span><a href="http://dwujezycznedzieci.pl/"><img loading="lazy" decoding="async" class="wp-image-7822 aligncenter" src="http://przedszkolerodzinne.pl/wp-content/uploads/2012/03/DD_Partner_Programu.png" alt="DD_Partner_Programu" width="250" height="251" srcset="https://przedszkolerodzinne.pl/wp-content/uploads/2012/03/DD_Partner_Programu.png 1059w, https://przedszkolerodzinne.pl/wp-content/uploads/2012/03/DD_Partner_Programu-150x150.png 150w, https://przedszkolerodzinne.pl/wp-content/uploads/2012/03/DD_Partner_Programu-300x300.png 300w, https://przedszkolerodzinne.pl/wp-content/uploads/2012/03/DD_Partner_Programu-1020x1024.png 1020w, https://przedszkolerodzinne.pl/wp-content/uploads/2012/03/DD_Partner_Programu-299x300.png 299w" sizes="auto, (max-width: 250px) 100vw, 250px" /></a></p>

<p>Witamy serdecznie na stronie Przedszkola Rodzinnego w Białymstoku (od 2017 r. jesteśmy placówką dwujęzyczną) Każde dziecko jest wyjątkowe. Ma prawo rozwijać swoje umiejętności, zdolności i..zainteresowania w sprzyjającym różnym formom aktywności środowisku. Dlatego też postanowiliśmy stworzyć przedszkole, w którym dziecko traktowane &hellip; <a href="https://przedszkolerodzinne.pl/">Czytaj dalej <span class="meta-nav">&rarr;</span></a></p>
