{"id":2798,"date":"2014-02-16T18:25:10","date_gmt":"2014-02-16T17:25:10","guid":{"rendered":"http:\/\/przedszkolerodzinne.pl\/?page_id=2798"},"modified":"2026-03-03T11:59:41","modified_gmt":"2026-03-03T10:59:41","slug":"rekrutacja-20142015","status":"publish","type":"page","link":"https:\/\/przedszkolerodzinne.pl\/?page_id=2798","title":{"rendered":"Recruitment 2026\/2027"},"content":{"rendered":"\n<p><\/p>\n\n\n<p style=\"text-align: center;\">= = = = = = = = = = =<\/p>\n<p style=\"text-align: center;\"><strong><span style=\"color: #ff0000;\">Informacja o wolnych miejscach i mo\u017cliwo\u015bci przyj\u0119cia dziecka w trakcie roku szkolnego 2025\/2026 &#8211; prosz\u0119 dzwoni\u0107 pod nr tel. 695-080-009.<\/span><\/strong><\/p>\n<p style=\"text-align: center;\"><span style=\"text-decoration: underline;\"><span style=\"font-family: Comic Sans MS;\">Przyjmujemy dzieci z orzeczeniem o potrzebie kszta\u0142cenia specjalnego<\/span><\/span><\/p>\n<p style=\"text-align: center;\"><span style=\"text-decoration: underline;\"><span style=\"font-family: Comic Sans MS;\"> (Zesp\u00f3\u0142 Aspergera, Autyzm, Niepe\u0142nosprawno\u015b\u0107 sprz\u0119\u017cona).<\/span><\/span><\/p>\n<p style=\"text-align: center;\">= = = = = = = = = = =<\/p>\n<p align=\"CENTER\"><span style=\"color: #ff0000; font-size: x-large;\"><strong>ZAPRASZAMY DZIECI OD 2,5 LAT DO NIEPUBLICZNEGO PRZEDSZKOLA RODZINNEGO NA ROK SZKOLNY 2026\/2027 !<\/strong><\/span><\/p>\n<p align=\"CENTER\"><span style=\"color: #ff0000; font-size: x-large;\"><strong>Rekrutacja trwa od 01.03.2026 r. do wyczerpania wolnych miejsc!<\/strong><\/span><\/p>\n<p align=\"CENTER\"><span style=\"color: #ff0000; font-size: x-large;\"><strong>Pytania? tel. 695-080-009\u00a0<\/strong><\/span><\/p>\n<p align=\"CENTER\"><strong><a href=\"http:\/\/przedszkolerodzinne.pl\/wp-content\/uploads\/2022\/02\/NPR-Karta-Zapisu-Dziecka-30.doc\">NPR-Karta-Zapisu-Dziecka 3,0 (pobierz tutaj) wersja .doc<\/a><\/strong><\/p>\n<p align=\"CENTER\">= = = = = = = = = =<\/p>\n<p style=\"text-align: right;\">\u00a0<\/p>","protected":false},"excerpt":{"rendered":"<p>= = = = = = = = = = = Informacja o wolnych miejscach i mo\u017cliwo\u015bci przyj\u0119cia dziecka w trakcie roku szkolnego 2025\/2026 &#8211; prosz\u0119 dzwoni\u0107 pod nr tel. 695-080-009. Przyjmujemy dzieci z orzeczeniem o potrzebie kszta\u0142cenia specjalnego (Zesp\u00f3\u0142 &hellip; <a href=\"https:\/\/przedszkolerodzinne.pl\/?page_id=2798\">Czytaj dalej <span class=\"meta-nav\">&rarr;<\/span><\/a><\/p>\n","protected":false},"author":1,"featured_media":0,"parent":0,"menu_order":2,"comment_status":"closed","ping_status":"closed","template":"","meta":{"footnotes":""},"class_list":["post-2798","page","type-page","status-publish","hentry"],"_links":{"self":[{"href":"https:\/\/przedszkolerodzinne.pl\/index.php?rest_route=\/wp\/v2\/pages\/2798","targetHints":{"allow":["GET"]}}],"collection":[{"href":"https:\/\/przedszkolerodzinne.pl\/index.php?rest_route=\/wp\/v2\/pages"}],"about":[{"href":"https:\/\/przedszkolerodzinne.pl\/index.php?rest_route=\/wp\/v2\/types\/page"}],"author":[{"embeddable":true,"href":"https:\/\/przedszkolerodzinne.pl\/index.php?rest_route=\/wp\/v2\/users\/1"}],"replies":[{"embeddable":true,"href":"https:\/\/przedszkolerodzinne.pl\/index.php?rest_route=%2Fwp%2Fv2%2Fcomments&post=2798"}],"version-history":[{"count":201,"href":"https:\/\/przedszkolerodzinne.pl\/index.php?rest_route=\/wp\/v2\/pages\/2798\/revisions"}],"predecessor-version":[{"id":41663,"href":"https:\/\/przedszkolerodzinne.pl\/index.php?rest_route=\/wp\/v2\/pages\/2798\/revisions\/41663"}],"wp:attachment":[{"href":"https:\/\/przedszkolerodzinne.pl\/index.php?rest_route=%2Fwp%2Fv2%2Fmedia&parent=2798"}],"curies":[{"name":"wp","href":"https:\/\/api.w.org\/{rel}","templated":true}]}}